at is s(3)?
-3
Let k(f) = 2*f**3 + 10*f**2 - 50*f - 223. Calculate k(-4).
9
Let c(o) = -o**2 + 91*o - 1081. Give c(14).
-3
Let u(x) = x**3 - 67*x**2 - 438*x + 187. What is u(73)?
187
Let p(s) = -s**3 + 26*s**2 - 22*s - 84. Give p(25).
-9
Let d(t) = -9*t**2 + 6*t - 6. What is d(1)?
-9
Let b(s) = 12*s**2 + 543*s + 191. What is b(-45)?
56
Let a(o) = o**2 + 48*o - 1357. Calculate a(-69).
92
Let r(q) = -q**3 - 18*q**2 - 18*q - 11. Calculate r(-4).
-163
Let r(a) = 17*a**2 + 47*a - 46. Calculate r(1).
18
Let r(q) = -q**3 + 6*q**2 + 18*q - 21. Give r(-3).
6
Let z(n) = 10*n**2 - 2026*n - 812. Determine z(203).
0
Let c(p) = -p**3 - 7*p**2 + 21*p - 45. Determine c(-11).
208
Let w(b) = 257*b - 7. Calculate w(1).
250
Let p(l) = -l**3 + 25*l + 55. Calculate p(-3).
7
Let r(v) = 17*v**2 + 152*v - 1. Calculate r(-9).
8
Let u(h) = h**2 - 9*h + 2. Calculate u(16).
114
Let r(w) = -w**3 + 9*w**2 - 86*w + 814. Calculate r(9).
40
Let r(v) = -579*v + 89751. Calculate r(155).
6
Let w(k) = -k**3 + 7*k**2 + 23*k + 3. Give w(9).
48
Let f(v) = v**2 + 137*v - 416. Give f(-140).
4
Let g(x) = x**3 - 6*x**2 - 129*x - 94. Give g(15).
-4
Let h(f) = -f**2 + 15*f + 391. What is h(-13)?
27
Let d(j) = -7*j**2 - 373*j - 114. Give d(-53).
-8
Let v(i) = -2*i**3 + i**2 - 58*i + 119. Determine v(2).
-9
Let f(z) = 14*z**2 - 95*z + 39. Give f(5).
-86
Let f(o) = 2*o**2 - 17*o - 1094. Determine f(-19).
-49
Let z(n) = n**3 - 18*n**2 - 13*n - 101. Calculate z(19).
13
Let h(m) = 46*m - 329. What is h(8)?
39
Let n(g) = -136*g - 216. Calculate n(-6).
600
Let x(u) = 40*u + 325. Give x(-8).
5
Let y(x) = x**2 + 19*x - 55. Give y(-20).
-35
Let d(h) = h**2 - 56*h + 742. Calculate d(18).
58
Let c(x) = x**3 + 19*x**2 - 8*x - 538. Give c(-17).
176
Let i(m) = m**3 - 13*m**2 - 4*m + 36. Give i(14).
176
Let u(k) = -k**3 + 11*k**2 - 37*k + 107. What is u(5)?
72
Let j(l) = 2*l**2 - 81*l + 444. Calculate j(34).
2
Let z(v) = -v**3 - 5*v**2 + 5*v + 5. Determine z(-7).
68
Let r(w) = 4*w**2 - 13*w + 11. Give r(-5).
176
Let l(g) = g**3 + 13*g**2 - 908*g + 476. What is l(24)?
-4
Let t(l) = -2108*l + 2142. What is t(1)?
34
Let k(i) = 4*i**2 + 176*i - 62. Calculate k(-45).
118
Let r(a) = a**3 + 4*a**2 - 17*a - 78. What is r(-4)?
-10
Let z(f) = f**3 + 16*f**2 + 257*f + 17. Give z(0).
17
Let n(l) = l**2 + 15*l - 121. Calculate n(5).
-21
Let w(v) = v**2 - 5*v - 384. What is w(0)?
-384
Let z(g) = -g**3 - 12*g**2 - 30. What is z(-12)?
-30
Let f(q) = q**3 - 2*q**2 + q - 2. What is f(-5)?
-182
Let h(g) = -g**2 - 28*g - 4. What is h(-28)?
-4
Let w(j) = -2*j**3 + 92*j**2 - 334*j - 9. Calculate w(4).
-1
Let f(o) = o**2 - 1601*o - 6423. Determine f(-4).
-3
Let k(q) = -25*q - 3086. Determine k(-120).
-86
Let r(n) = n**2 - 116*n + 3303. Determine r(50).
3
Let g(c) = 64*c**3 + c**2 + 12*c + 11. Give g(-1).
-64
Let b(x) = x**2 - 29*x - 495. Determine b(41).
-3
Let f(r) = r**2 - 121*r - 9912. Determine f(-56).
0
Let g(d) = d**3 - 28*d**2 + 113*d + 9. What is g(22)?
-409
Let m(h) = 8231*h - 362167. Calculate m(44).
-3
Let l(u) = u**3 + 21*u**2 - 36*u - 166. Give l(-22).
142
Let d(b) = 27*b + 149. Determine d(-9).
-94
Let m(s) = -32*s - 461. Give m(-15).
19
Let s(p) = -10*p**2 + 14*p - 5. Determine s(3).
-53
Let d(l) = 38*l**3 + 6*l**2 - 8*l + 10. What is d(2)?
322
Let m(k) = 9*k - 310. Calculate m(29).
-49
Let m(i) = -3*i**3 + 93*i**2 + 91*i + 120. What is m(32)?
-40
Let w(x) = -2*x**3 - 14*x**2 - 16*x - 4. What is w(-5)?
-24
Let a(h) = -h**3 - 7*h**2 + 3*h - 11. Give a(-7).
-32
Let w(b) = 3*b**3 - 139*b**2 - 94*b - 61. What is w(47)?
-61
Let m(h) = -h**3 + 6*h**2 + 6*h + 25. Calculate m(8).
-55
Let v(z) = z**3 - 23*z**2 + 105*z + 106. What is v(16)?
-6
Let p(t) = -9*t**2 - t + 103. What is p(0)?
103
Let g(f) = 2*f**2 + 45*f + 58. Give g(-21).
-5
Let g(u) = 4*u**3 + 33*u**2 - 124*u - 28. Calculate g(-11).
5
Let s(w) = 56*w**2 - 665*w - 667. Give s(-1).
54
Let c(j) = 190*j - 634. Determine c(4).
126
Let m(f) = 137*f - 19978. Give m(146).
24
Let n(o) = -29*o - 93. Give n(-2).
-35
Let h(a) = -a**3 + 14*a**2 + 103*a - 1508. Determine h(13).
0
Let q(k) = 5*k**2 - 36*k - 81. What is q(-2)?
11
Let t(p) = -p**3 - 8*p**2 - 9*p + 23. Determine t(-8).
95
Let a(c) = -c**2 + 55*c - 171. Give a(19).
513
Let t(s) = 4*s + 34. Calculate t(-15).
-26
Let f(v) = -10*v**2 + 439*v + 44. Determine f(44).
0
Let f(x) = -x**3 - 16*x**2 - 64*x - 15. Calculate f(-9).
-6
Let x(w) = -w**3 + 19*w**2 + 26*w - 37. Calculate x(-2).
-5
Let m(i) = i**3 - 71*i**2 + 1084*i - 83. Determine m(22).
49
Let k(u) = -309*u**2 - 625*u - 6. Give k(-2).
8
Let n(p) = 5*p**2 - 3*p - 3. What is n(-5)?
137
Let m(u) = 3*u**2 - 41*u - 247. Give m(18).
-13
Let j(u) = -32*u + 279. Calculate j(8).
23
Let b(g) = -41*g**2 - g + 20. Calculate b(0).
20
Let l(y) = y + 117. What is l(-35)?
82
Let t(l) = 1479*l - 16271. Calculate t(11).
-2
Let w(t) = -11*t**2 - 474*t - 38. What is w(-43)?
5
Let l(w) = -35*w + 412. What is l(11)?
27
Let r(a) = -172*a - 11281. Give r(-66).
71
Let u(v) = 3*v**2 - 148*v + 1760. What is u(24)?
-64
Let u(c) = -7*c**2 - 204*c + 806. What is u(4)?
-122
Let a(l) = l**3 - 102*l**2 - 649*l + 109. Determine a(108).
1
Let y(t) = -2*t**3 - 9*t**2 - 29*t - 203. Determine y(-6).
79
Let l(a) = -a**3 + 67*a**2 - 181*a - 686. Give l(64).
18
Let j(h) = -10*h**3 - 8*h**2 + 6*h - 13. Calculate j(3).
-337
Let n(z) = 2*z**3 + 3*z**2 - 5*z - 11. What is n(4)?
145
Let p(g) = -g**2 - 53*g + 935. Calculate p(-67).
-3
Let r(z) = -32*z**2 + 100*z - 6. Give r(3).
6
Let i(t) = -2*t**2 - 71*t + 45. What is i(-36)?
9
Let j(h) = 867*h - 3474. Determine j(4).
-6
Let l(o) = -2*o**2 - 20*o + 5. Give l(0).
5
Let g(v) = 221*v + 14568. Give g(-66).
-18
Let o(d) = -86*d**3 + d**2 - 26*d - 27. Give o(-1).
86
Let z(i) = -i**3 + 16*i**2 - 51*i - 66. Determine z(8).
38
Let z(a) = a**2 - 25*a + 13. Calculate z(25).
13
Let c(a) = -a**3 + 50*a**2 - a + 51. Determine c(50).
1
Let o(f) = -18*f - 217. Determine o(-6).
-109
Let g(f) = 3*f**3 + 7*f**2 - 4*f - 13. Determine g(-2).
-1
Let x(o) = -27*o**3 - 9*o**2 - 7*o + 1. Determine x(-1).
26
Let v(w) = -72*w + 595. What is v(8)?
19
Let b(a) = -280*a**2 + 1960*a - 8. What is b(7)?
-8
Let g(a) = -62*a - 1258. What is g(-14)?
-390
Let s(k) = -43*k**2 - 16*k - 17. Calculate s(-1).
-44
Let w(r) = 74*r - 446. Calculate w(6).
-2
Let l(j) = j**2 - 8*j - 45. What is l(9)?
-36
Let c(i) = -140*i**2 + 3363*i - 56. What is c(24)?
16
Let r(c) = c**3 + 94*c**2 - 99*c - 329. Calculate r(-95).
51
Let o(j) = -45*j - 450. Calculate o(-8).
-90
Let v(b) = 695*b + 8340. Determine v(-12).
0
Let q(y) = 7*y - 342. Calculate q(46).
-20
Let t(q) = -q**3 - 109*q**2 - 1564*q + 5. Calculate t(-92).
5
Let v(a) = 36*a + 441. Determine v(-12).
9
Let j(s) = 12*s**2 + 101*s - 25. Determine j(-6).
-199
Let w(f) = -603*f - 5439. Calculate w(-9).
-12
Let h(j) = -j**2 + 20*j - 66. Determine h(4).
-2
Let p(q) = 7*q**2 - 162*q + 157. Give p(22).
-19
Let a(h) = -206*h - 1123. Calculate a(-6).
113
Let x(l) = 48*l - 3100. What is x(65)?
20
Let j(f) = 155*f - 932. Calculate j(7).
153
Let i(d) = -17*d**2 - 343*d - 34. Determine i(-20).
26
Let r(v) = -2*v**3 + 477*v**2 + 1211*v - 1450. What is r(241)?
-4
Let y(n) = 2306*n - 9226. What is y(4)?
-2
Let m(v) = 5*v**2 - 88*v + 390. Give m(6).
42
Let b(z) = -3*z**2 - 11*z + 14. Determine b(2).
-20
Let n(r) = -286*r**3 + r**2 - 4*r + 2. What is n(1)?
-287
Let z(l) = 5*l**2 - 41*l + 90. Give z(4).
6
Let n(r) = 371*r + 5200. What is n(-14)?
6
Let j(o) = -11*o + 19. Calculate j(2).
-3
Let k(d) = -d**2 - 46*d + 44. Calculate k(-45).
89
Let c(w) = 973*w - 3871. Determine c(4).
21
Let k(q) = -q**2 - 39*q - 175. What is k(-32)?
49
Let d(n) = 3*n**2 + 76*n + 18. Give d(-25).
-7
Let w(i) = -i**3 - 21*i**2 - 118*i - 108. Calculate w(-7).
32
Let m(k) = 229*k - 17. What is m(1)?
212
Let o(t) = 37*t**2 - 335*t + 22. Give o(9).
4
Let b(l) = -l**2 + 55*l + 294. Determine b(60).
-6
Let a(n) = 83*n**2 + 913*n - 33. Determine a(-11).
-33
Let o(c) = 2*c**3 - 112*c**2 + 4*c - 206. Determine o(56).
18
Let i(j) = -7*j**2 - 217*j - 4. Determine i(-31).
-4
Let j(a) = -6404*a + 51225. Determine j(8).
-7
Let n(s) = 2*s**2 + 32*s - 77. Determine n(-16).
-77
Let h(y) = -y**2 + 164*y + 8. Calculate h(164).
8
Let z(k) = -k**3 - 28*k**2 - 111*k - 138. Determine z(-24).
222
Let v(m) = m**3 + 13